z**2 - z + 2. Suppose -3*p = -78 - 126. Let f = p + -66. Determine w(f).
4
Suppose 0 = 2*p + 3 - 1. Let c be 2 - ((-2)/p + -3). Let a(w) = c - w + w + 3*w. What is a(-3)?
-6
Suppose 0 = j - u - 7, 4*j - u - 13 = 12. Let t(k) = 4*k - 12. What is t(j)?
12
Let i be (-3 - -1)/((-6)/(-36)). Let f be (15/(-9))/(2/i). Let x = -8 + f. Let h(u) = u**3 - 2*u**2 + 2*u - 3. Calculate h(x).
1
Let u(o) = -69*o + 0 + 0 - 50*o + 120*o - 8. What is u(12)?
4
Let r be 1/(-5) + (-72)/15. Let g(l) = 3*l + 3. Determine g(r).
-12
Let t(r) be the second derivative of -r**5/20 - 17*r**4/12 - 17*r**3/6 + 11*r**2/2 - 362*r. What is t(-16)?
27
Suppose 5*i - p = 33, 0 = 3*i - 2*p - 14 - 10. Let u(m) = -m**2 + 10*m - 14. Determine u(i).
10
Let r(o) = 2783*o**2 + 7*o - 17*o - 6 - 2778*o**2. Let k(s) = -3*s**2 + 5*s + 3. Let w(j) = -7*k(j) - 4*r(j). Calculate w(-5).
3
Let y(h) = -h**3 - 3*h**2 + 3*h. Let w be y(-4). Suppose w*f - t = 12, 4*t = -t. Let z(s) = -8 + f + s**2 - 3*s - 3*s. Calculate z(6).
-5
Let y(c) be the first derivative of 17*c**3/3 + c**2/2 + 92. Calculate y(-1).
16
Let j be 1/(-3 - (-208)/68). Suppose -j*o - 3 = -18*o. Let x(g) = -11*g**o - 3 + 2*g + 4 + 0*g. What is x(-1)?
10
Let p = 5 + -4. Suppose 5*g + 11 = -b, -2*b = 4*g + p + 3. Let w(r) = -r - 1. What is w(g)?
2
Let r be (-24)/(-30)*5*1. Suppose -5*k - r*q + 36 = 0, -4*k - 5*q = -k - 32. Let m(b) = k*b**2 - 17*b - 11*b**2 + 16*b. What is m(-1)?
-6
Let n(o) = o**2 + 6*o + 14. Let m = 2743 + -2749. Calculate n(m).
14
Let o be -3 + 1 + (5 - 3). Let q(h) be the second derivative of -h**4/12 - h**3/6 + 2*h**2 + 76*h. Give q(o).
4
Let f(d) be the third derivative of -d**4/6 + 7*d**3/2 + 12*d**2. Calculate f(6).
-3
Let b(l) = l**3 - 4*l**2 - 2*l + 2. Let x = 107 - 86. Suppose 5*p + 1 = x. Calculate b(p).
-6
Let n(r) = -r**3 - 11*r**2 - 9*r - 9. Let f be n(-10). Let u = -23 - f. Let k(x) = -4 + 5*x + x**2 - x - 4*x**2 - x**3. Determine k(u).
-4
Let d be (-3)/((-54)/(-24)) + (-320)/(-24). Let f(s) = s**3 - 14*s**2 + 26*s - 23. Calculate f(d).
1
Let l(x) = 4*x**3 + 2*x**2 - 4*x. Let i(t) = -5*t**3 - t**2 + 4*t - 1. Suppose 15 + 25 = -8*j. Let d(f) = j*i(f) - 6*l(f). Calculate d(6).
-7
Suppose 14 = 5*i - 1. Let v(w) = w**3 - 10 + 8*w**2 - 2*w**3 - 3*w**3 - 5*w + 3*w**i. What is v(7)?
4
Let m be (-12)/(-9)*3/(-2). Let p be -1 + (-2 - 0) - m. Let h(o) = 5*o - 1. Determine h(p).
-6
Suppose -25 = 5*s, -3*i + 2*s + 14 + 5 = 0. Let q(f) be the second derivative of 2/3*f**3 + 0 - 1/20*f**5 + 1/6*f**4 + 3*f + 1/2*f**2. Calculate q(i).
4
Suppose -4*t + 9 = 5. Let o(l) = 0*l + 4*l + l - t. What is o(3)?
14
Let l(b) = -3*b**2 + 88*b - 30. Let t(g) = g**2 - 27*g - 131. Let s be t(-5). Calculate l(s).
-1
Suppose 4*z = 3*z - 4*o + 19, 5*o = 5*z + 30. Let u(i) = -20*i**3 - i. Calculate u(z).
21
Let n(k) = 5*k**3 + k**2 + 4*k - 4. Suppose 5180*s - 5167*s - 13 = 0. Give n(s).
6
Let m(u) be the first derivative of -u**3/3 - 3*u**2/2 + 8*u - 774. Determine m(2).
-2
Let c be (2 - -7)*-3*(-2)/6. Suppose -1 + c = -o. Let l(q) = q + 3. What is l(o)?
-5
Let s(g) be the third derivative of 0*g + 1/40*g**5 - 1/8*g**4 + 0*g**3 - 1/720*g**6 + 11*g**2 + 0. Let q(i) be the second derivative of s(i). What is q(3)?
0
Suppose h = -5*x + 22, -3*x + x + 7 = h. Let c(f) = 8*f**2 + 2*f - 3 + x*f - 8*f + 4. Calculate c(1).
8
Suppose 0 = -668*a + 661*a - 7. Let m(r) = -3*r**3 + 2*r**2 + 4*r + 2. Give m(a).
3
Let l(z) = -z**2 - 3*z + 2. Let s be l(-2). Let v = s + -1. Let t(d) = -3*d - 76*d**2 + 2*d - 74*d**2 + 0*d - 2 + 151*d**2. Give t(v).
4
Let k(s) be the first derivative of -s**4/4 - s**3/3 - s**2/2 + s + 56. Calculate k(0).
1
Let p(b) = -b + 4. Let o = 350 + -344. Give p(o).
-2
Let i be 3/2*60/45. Let x(n) = i - 7*n - n + n - 2*n. Calculate x(2).
-16
Let n = 838 + -834. Let x(a) be the second derivative of n*a + 0 + 4*a**2 - 1/12*a**4 - 5/6*a**3. Determine x(-7).
-6
Let i(a) = 2*a - 1. Let t(m) = 4*m**3 - 69*m**2 + 16*m + 20. Let f be t(17). What is i(f)?
5
Let c(j) = j**2 - 7*j + 5. Let o = 330 + -323. Determine c(o).
5
Let i(v) = -4 - 3 + 90*v - 180*v + 95*v. Determine i(3).
8
Suppose 4*o + 2*q = 5*o - 6, -5*o = q - 63. Suppose -14*x - 4 = -o*x. Let t(g) = -2*g + 2. Calculate t(x).
6
Let z = 2 + -1. Let s(v) = -v + 2. Let q be s(0). Let t(o) = 86*o - 86*o - 8*o**3 + o**q. Determine t(z).
-7
Let b = -53 + 74. Let t be 3/(-45)*-5*b. Let j(x) = -x**2 + 3*x + 8. Calculate j(t).
-20
Let w be (364/(-8))/13 - (-2)/4. Let o(l) = -l**2 + 5. Give o(w).
-4
Let z(w) be the third derivative of w**6/60 + w**5/30 - w**4/12 - w**2. Suppose 26 = -18*q + 5*q. Let o be z(q). Let y(m) = -m - 5. Calculate y(o).
-1
Let p(s) = s**3 + 3*s**2 - s + 1. Let r be (-15)/2*(-36)/45. Suppose r*i - 10*i = 12. Calculate p(i).
4
Let p(k) be the second derivative of -k**4/3 - k**2/2 - 9*k. Suppose -t = -5 + 4. Determine p(t).
-5
Let h(x) be the third derivative of -1/2*x**3 + 5*x**2 + 0*x + 0 - 1/24*x**4. What is h(-5)?
2
Suppose -3*w = w - 8. Let k(v) = -v**2 + 0*v - 2 + 4*v - 3*v. Determine k(w).
-4
Let j(z) = -z**2 + 9*z + 1. Let i be 4/1 - (-23)/(23/4). Give j(i).
9
Let w(a) = -190*a + 98*a + 8*a**2 + 90*a - a**3 + 7. Give w(8).
-9
Let u(z) be the second derivative of -3*z**3 - z**2 + 3*z - 12. Give u(-2).
34
Let y(w) = -w**3 + w**2 - w. Suppose -4*g - 108 = -7*g. Suppose 2*v = 5*v - g. Suppose p = -p + z + 4, 3*z = -v. Calculate y(p).
0
Let q(f) be the third derivative of -f**7/2520 + f**6/240 - f**5/30 - f**2. Let g(k) be the third derivative of q(k). Suppose -142*a + 59 = -509. What is g(a)?
-5
Let j(s) = -s**3 + 5*s**2 - 13. Let h be j(4). Let n(k) = -1 + 3*k + 8*k**h - 15*k**3 + 4*k**3. Determine n(2).
-19
Let r be (-14 + 11)*1 - 1. Let q(k) = -2*k**2 - 6*k + 5. Calculate q(r).
-3
Let q(h) = h**2 + 2*h - 11. Let b(r) = -r**2 - r + 2. Let v(t) = 5*b(t) + q(t). Determine v(-3).
-28
Let s(c) = -2*c**2 + c + 6. Let z(r) = 3*r**2 - 3*r - 11. Let m = -4 + 4. Let g be 1/3*m + -3. Let y(p) = g*z(p) - 5*s(p). Determine y(-3).
0
Let u(b) = b - 7. Let g be u(10). Let s(y) = y. Let f be s(2). Let x(v) = 7*v + 1 - v**f - 1 - v. Give x(g).
9
Let f = 296 - 286. Let m(i) = 2*i**2 - i**2 + 0 + 4 - 9*i. What is m(f)?
14
Let f(x) = 7*x. Let b(i) = 0 - 2 + 14*i**2 - 2 - 6*i - 15*i**2. Let y be b(-5). Calculate f(y).
7
Let c(h) = -49*h + 44*h - 2*h**2 + 4*h**2 - h**2. Let x(s) = 2*s**2 - 10*s. Let a = -5 + 10. Let g(b) = a*c(b) - 3*x(b). Determine g(6).
-6
Let d = -39 + 47. Let m(z) = d + z**2 - 34*z + 67*z + z**3 - 32*z. Calculate m(0).
8
Let o be 14/(-4)*(-3 + 2 - 5). Let v = 23 - o. Let h(a) = a**3 - 2*a**2 + 2*a + 1. Determine h(v).
5
Let r(g) = 2*g**3 - 2*g**2 + 1. Let k be r(1). Let b(n) = 8*n**2 - 4*n - 3. Let a(i) = -8*i**2 + 5*i + 4. Let l(c) = -4*a(c) - 5*b(c). Determine l(k).
-9
Let p(h) = -5*h - 2. Let d(k) = -4*k - 2. Let c = 49 + -55. Let f(a) = c*d(a) + 5*p(a). Give f(-5).
7
Let v(u) = -u**2 + 2*u + 2. Let g be (-17)/(-1) + 0/4. Suppose 3*y = 4*c - g, 5*y + 5 = c - 12. Let d be (2/3)/(c/9). Calculate v(d).
-1
Let u(v) be the second derivative of -v**6/120 + v**5/10 - 7*v**4/24 + 7*v**3/6 - 19*v**2 - 6*v + 2. Let z(q) be the first derivative of u(q). Give z(5).
-3
Suppose 5*v = -i - 6 + 12, 0 = -3*i + 3*v - 18. Let q(o) = 3*o**2 + 4*o. Give q(i).
32
Let c(i) = i**3 + 3*i**2 - i + 2. Suppose 44 = 4*z - b, 5*b - 2*b - 72 = -5*z. Let o = -16 + 0. Let h = o + z. What is c(h)?
-10
Suppose w + 6 = 2*w. Suppose -w*q + 2*q - 15 = 5*v, -3*q = 5*v + 20. Let r(m) = m + 10. What is r(v)?
3
Let m(k) = -2*k + 4. Let n be m(2). Let c(z) = 1317*z**2 - 7 + 3 - 1316*z**2. Calculate c(n).
-4
Let i = 204 + -201. Let k(y) be the second derivative of 1/6*y**i - 5/2*y**2 + y + 0. What is k(6)?
1
Let y(q) = q**2 + 3*q + 4. Suppose 20 = -2*o - v, 41 = -5*o - v - 6. Let t = o - -14. Suppose -t*u - 10 = 5. Calculate y(u).
4
Let c = 4 - 5. Let a(b) = -4*b**2 + b. Let s(y) = -18*y**2 + 3*y + 1. Let r(j) = 2*a(j) - s(j). Determine r(c).
10
Let j(c) = 6 - 13*c**2 + 6*c**2 + c**3 + 4*c + 13*c**2. Calculate j(-4).
22
Let f(h) = h**2 - h - 2. Let r(z) = 2*z**2 - 40*z. Let v be r(20). Let a be v/(6/(30/(-25))). What is f(a)?
-2
Let x be 1/3 - (-8)/3. Let i(s) = -2456*s - s**2 + 2456*s + 1. Give i(x).
-8
Let u(k) = 5*k**3 - 4*k**2 + 5*k**3 - 15*k**3 - 1 + 4*k**3 + k. Determine u(-5).
19
Let w(n) be the fi